{"id":119,"date":"2015-03-19T20:08:27","date_gmt":"2015-03-19T20:08:27","guid":{"rendered":"http:\/\/dustweb.hr\/?page_id=119"},"modified":"2022-05-16T14:46:30","modified_gmt":"2022-05-16T14:46:30","slug":"ugostiteljstvo","status":"publish","type":"page","link":"http:\/\/dustweb.hr\/?page_id=119","title":{"rendered":"Ugostiteljstvo"},"content":{"rendered":"<p>Za ugostitelje nudimo <strong>EKSPRESNE<\/strong>\u00a0usluge \u010di\u0161\u0107enja jastuka i naslonja\u010da svih dimenzija, te pranje tendi i \u010di\u0161\u0107enje ugostiteljskih objekata.<\/p>\n<p>\u0160to zna\u010di <strong>EKSPRESNO<\/strong>? \u00a0To zna\u010di da Vam isporu\u010dujemo \u010diste i suhe jastuke\/naslonja\u010de u roku od <strong>6 &#8211; 8 sati<\/strong>.<\/p>\n<p>Mali jastuk\u00a0 \u00a0 \u00a0 \u00a0 \u00a0 \u00a0 \u00a0 \u00a0 \u00a0 \u00a0 \u00a0 \u00a0 \u00a0 \u00a0 \u00a0 \u00a0 \u00a0 \u00a0 \u00a0 \u00a0 \u00a0 \u00a0 \u00a0&#8211; po dogovoru<\/p>\n<p>Veliki jastuk \u00a0 \u00a0 \u00a0 \u00a0 \u00a0 \u00a0 \u00a0 \u00a0 \u00a0 \u00a0 \u00a0 \u00a0 \u00a0 \u00a0 \u00a0 \u00a0 \u00a0 \u00a0 \u00a0 \u00a0 \u00a0&#8211; po dogovoru<\/p>\n<p>Dvosjed jastuci bez naslonja\u010da &#8211; po dogovoru<\/p>\n<p>Dvosjed jastuci s naslonja\u010dem \u00a0 &#8211; po dogovoru<\/p>\n<p><strong>TENDE<\/strong><\/p>\n<p>Pranje i \u010di\u0161\u0107enje tendi \/ m2 &#8211; cijena po dogovoru<\/p>\n","protected":false},"excerpt":{"rendered":"<p>Za ugostitelje nudimo EKSPRESNE\u00a0usluge \u010di\u0161\u0107enja jastuka i naslonja\u010da svih dimenzija, te pranje tendi i \u010di\u0161\u0107enje ugostiteljskih objekata. \u0160to zna\u010di EKSPRESNO? \u00a0To zna\u010di da Vam isporu\u010dujemo \u010diste i suhe jastuke\/naslonja\u010de u roku od 6 &#8211; 8 sati. Mali jastuk\u00a0 \u00a0 \u00a0 \u00a0 \u00a0 \u00a0 \u00a0 \u00a0 \u00a0 \u00a0 \u00a0 \u00a0 \u00a0 \u00a0 \u00a0 \u00a0 \u00a0 \u00a0 [&hellip;]<\/p>\n","protected":false},"author":1,"featured_media":0,"parent":0,"menu_order":0,"comment_status":"closed","ping_status":"open","template":"template-fullwidth.php","meta":{"footnotes":""},"_links":{"self":[{"href":"http:\/\/dustweb.hr\/index.php?rest_route=\/wp\/v2\/pages\/119"}],"collection":[{"href":"http:\/\/dustweb.hr\/index.php?rest_route=\/wp\/v2\/pages"}],"about":[{"href":"http:\/\/dustweb.hr\/index.php?rest_route=\/wp\/v2\/types\/page"}],"author":[{"embeddable":true,"href":"http:\/\/dustweb.hr\/index.php?rest_route=\/wp\/v2\/users\/1"}],"replies":[{"embeddable":true,"href":"http:\/\/dustweb.hr\/index.php?rest_route=%2Fwp%2Fv2%2Fcomments&post=119"}],"version-history":[{"count":8,"href":"http:\/\/dustweb.hr\/index.php?rest_route=\/wp\/v2\/pages\/119\/revisions"}],"predecessor-version":[{"id":168,"href":"http:\/\/dustweb.hr\/index.php?rest_route=\/wp\/v2\/pages\/119\/revisions\/168"}],"wp:attachment":[{"href":"http:\/\/dustweb.hr\/index.php?rest_route=%2Fwp%2Fv2%2Fmedia&parent=119"}],"curies":[{"name":"wp","href":"https:\/\/api.w.org\/{rel}","templated":true}]}}